{"id":15776,"date":"2022-12-23T21:22:44","date_gmt":"2022-12-23T20:22:44","guid":{"rendered":"https:\/\/emprowear.com\/?post_type=product&#038;p=15776"},"modified":"2026-05-01T02:22:13","modified_gmt":"2026-05-01T00:22:13","slug":"chaqueta-bomber-emproshow-2023","status":"publish","type":"product","link":"https:\/\/emprowear.com\/es_es\/tienda\/chaqueta-bomber-emproshow-2023\/","title":{"rendered":"Chaqueta Bomber Emproshow 2023"},"content":{"rendered":"<p>Chaqueta Bomber Emproshow 2023<br \/>\nLa Chaqueta Bomber Emproshow\u00a0una chaqueta perfecta para cualquier ocasi\u00f3n. Ligera y c\u00f3moda.<\/p>\n<p>Solo un modelo exclusivo en Azul por fuera y Naranja por dentro, dise\u00f1ada con los logotipos de distintos campeonatos y en la espalda la fecha en la que se fund\u00f3 la IFBB. Nuestra colecci\u00f3n sigue ampli\u00e1ndose. Podr\u00e1s combinarlas seg\u00fan tu gusto para obtener el mejor look<\/p>\n<p><strong>Historia de la chaqueta bomber<\/strong><\/p>\n<p>Su creador, Leslie Lorey Irvin, patent\u00f3 el dise\u00f1o de la primera chaqueta bomber en 1926 con la finalidad de proteger y de abrigar a los\u00a0<strong>aviadores\u00a0<\/strong>a altas cotas de vuelo y a muy bajas temperaturas. La\u00a0<strong>popularidad\u00a0<\/strong>de la chaqueta bomber fue en aumento y se identific\u00f3 tambi\u00e9n a sus portadores con los h\u00e9roes de guerra, por lo que su uso se extendi\u00f3 progresivamente al \u00e1mbito civil de forma natural. Los primeros modelos de chaquetas bomber estaban confeccionados con piel en la parte exterior y con borreguillo en el interior, pero estos materiales se fueron sustituyendo por otros m\u00e1s modernos y ligeros hasta llegar al nylon y al poli\u00e9ster actuales.<\/p>\n<p>100% Poliester<\/p>\n<p>El color de la prenda puede tener una peque\u00f1a diferencia respecto a la imagen debido al formato y la iluminaci\u00f3n.<\/p>\n<p>The color of the garment may have a small difference from the image due to the format and lighting.<\/p>\n<p><strong>Cuidado de la prenda:<\/strong><\/p>\n<p>introducir la prenda en una bolsa de tela para la lavadora y que est\u00e9 al rev\u00e9s. No lavar con agua caliente y no hacer un centrifugado largo.<\/p>\n<p><strong>Garment care:<\/strong><\/p>\n<p>Put the garment in a cloth bag for the washing machine and turn it inside out. Do not wash with hot water and do not do a long spin.<\/p>\n<hr \/>\n<p>Recuerda que todas las <strong>devoluciones son gratuitas<\/strong>, haz tu pedido y si hay cualquier problema <strong>te devolvemos el dinero y mandaremos a alguien a que vaya a recoger el paquete.<\/strong><br \/>\n\u00a1100% Garantizado!<\/p>\n<p><strong>\u00bfTienes dudas?<\/strong><br \/>\nCons\u00faltalas todas desde nuestra p\u00e1gina de preguntas frecuentes haciendo click <a href=\"https:\/\/emprowear.com\/preguntas-frecuentes\">aqu\u00ed<\/a>. O bien cons\u00faltanos directamente a nuestro tel\u00e9fono de contacto haciendo click en el icono de WhatsApp.<\/p>\n","protected":false},"excerpt":{"rendered":"<p>La Chaqueta Bomber Emproshow una chaqueta perfecta para cualquier ocasi\u00f3n. Ligera y c\u00f3moda.<\/p>\n","protected":false},"featured_media":15785,"template":"","meta":[],"product_brand":[],"product_cat":[158,111,159,157,154,244,156,210,161,160],"product_tag":[108,226,225,133,132,135,142,140,143,134,109,138,139,141,110],"class_list":{"0":"post-15776","1":"product","2":"type-product","3":"status-publish","4":"has-post-thumbnail","6":"product_cat-ben-weider","7":"product_cat-bomber","8":"product_cat-empro-pro-classic","9":"product_cat-european","10":"product_cat-top-sellers","11":"product_cat-merchandasing-competiciones","12":"product_cat-olympia","13":"product_cat-sixnine","14":"product_cat-toptan","15":"product_cat-veronica","16":"product_tag-bomber","17":"product_tag-bomber-blue","18":"product_tag-bomber-emproshow","19":"product_tag-bomber-jacket-girl","20":"product_tag-bomber-jacket-men","21":"product_tag-bomber-jacket-olympia","22":"product_tag-bomber-jacket-original","23":"product_tag-bomber-jacket-orlando","24":"product_tag-bomber-jacket-red","25":"product_tag-bomber-jacket-women","26":"product_tag-chaqueta","27":"product_tag-chaqueta-bomber-hombre","28":"product_tag-chaqueta-bomber-mujer","29":"product_tag-chaqueta-bomber-olympia-las-vegas","30":"product_tag-jacket","32":"first","33":"instock","34":"taxable","35":"shipping-taxable","36":"purchasable","37":"product-type-variable"},"_links":{"self":[{"href":"https:\/\/emprowear.com\/es_es\/wp-json\/wp\/v2\/product\/15776","targetHints":{"allow":["GET"]}}],"collection":[{"href":"https:\/\/emprowear.com\/es_es\/wp-json\/wp\/v2\/product"}],"about":[{"href":"https:\/\/emprowear.com\/es_es\/wp-json\/wp\/v2\/types\/product"}],"wp:featuredmedia":[{"embeddable":true,"href":"https:\/\/emprowear.com\/es_es\/wp-json\/wp\/v2\/media\/15785"}],"wp:attachment":[{"href":"https:\/\/emprowear.com\/es_es\/wp-json\/wp\/v2\/media?parent=15776"}],"wp:term":[{"taxonomy":"product_brand","embeddable":true,"href":"https:\/\/emprowear.com\/es_es\/wp-json\/wp\/v2\/product_brand?post=15776"},{"taxonomy":"product_cat","embeddable":true,"href":"https:\/\/emprowear.com\/es_es\/wp-json\/wp\/v2\/product_cat?post=15776"},{"taxonomy":"product_tag","embeddable":true,"href":"https:\/\/emprowear.com\/es_es\/wp-json\/wp\/v2\/product_tag?post=15776"}],"curies":[{"name":"wp","href":"https:\/\/api.w.org\/{rel}","templated":true}]}}

<p>Chaqueta Bomber Emproshow 2023<br />
La Chaqueta Bomber Emproshow una chaqueta perfecta para cualquier ocasión. Ligera y cómoda.</p>
<p>Solo un modelo exclusivo en Azul por fuera y Naranja por dentro, diseñada con los logotipos de distintos campeonatos y en la espalda la fecha en la que se fundó la IFBB. Nuestra colección sigue ampliándose. Podrás combinarlas según tu gusto para obtener el mejor look</p>
<p><strong>Historia de la chaqueta bomber</strong></p>
<p>Su creador, Leslie Lorey Irvin, patentó el diseño de la primera chaqueta bomber en 1926 con la finalidad de proteger y de abrigar a los <strong>aviadores </strong>a altas cotas de vuelo y a muy bajas temperaturas. La <strong>popularidad </strong>de la chaqueta bomber fue en aumento y se identificó también a sus portadores con los héroes de guerra, por lo que su uso se extendió progresivamente al ámbito civil de forma natural. Los primeros modelos de chaquetas bomber estaban confeccionados con piel en la parte exterior y con borreguillo en el interior, pero estos materiales se fueron sustituyendo por otros más modernos y ligeros hasta llegar al nylon y al poliéster actuales.</p>
<p>100% Poliester</p>
<p>El color de la prenda puede tener una pequeña diferencia respecto a la imagen debido al formato y la iluminación.</p>
<p>The color of the garment may have a small difference from the image due to the format and lighting.</p>
<p><strong>Cuidado de la prenda:</strong></p>
<p>introducir la prenda en una bolsa de tela para la lavadora y que esté al revés. No lavar con agua caliente y no hacer un centrifugado largo.</p>
<p><strong>Garment care:</strong></p>
<p>Put the garment in a cloth bag for the washing machine and turn it inside out. Do not wash with hot water and do not do a long spin.</p>
<hr />
<p>Recuerda que todas las <strong>devoluciones son gratuitas</strong>, haz tu pedido y si hay cualquier problema <strong>te devolvemos el dinero y mandaremos a alguien a que vaya a recoger el paquete.</strong><br />
¡100% Garantizado!</p>
<p><strong>¿Tienes dudas?</strong><br />
Consúltalas todas desde nuestra página de preguntas frecuentes haciendo click <a href="https://emprowear.com/preguntas-frecuentes">aquí</a>. O bien consúltanos directamente a nuestro teléfono de contacto haciendo click en el icono de WhatsApp.</p>

<p>La Chaqueta Bomber Emproshow una chaqueta perfecta para cualquier ocasión. Ligera y cómoda.</p>
