{"id":14570,"date":"2022-05-11T13:31:36","date_gmt":"2022-05-11T11:31:36","guid":{"rendered":"https:\/\/emprowear.com\/?post_type=product&#038;p=14570"},"modified":"2025-03-21T12:17:00","modified_gmt":"2025-03-21T11:17:00","slug":"studiopro-spray-tanning-maquina-para-bronceado-en-spray","status":"publish","type":"product","link":"https:\/\/emprowear.com\/es_es\/tienda\/studiopro-spray-tanning-maquina-para-bronceado-en-spray\/","title":{"rendered":"StudioPro Spray Tanning &#8211; Maquina para bronceado en Spray"},"content":{"rendered":"<p><span class=\"VIiyi\" lang=\"es\"><span class=\"JLqJ4b\" data-language-for-alternatives=\"es\" data-language-to-translate-into=\"en\" data-phrase-index=\"0\" data-number-of-phrases=\"1\"><span class=\"Q4iAWc\">Kit de bronceado en aerosol Rox Tan StudioPro <span class=\"a-list-item\">est\u00e1 dise\u00f1ado para darte un bronceado de calidad de sal\u00f3n cuando quieras y dentro de la comodidad de tu propia casa. <\/span><\/span><\/span><\/span><\/p>\n<p><span class=\"VIiyi\" lang=\"es\"><span class=\"JLqJ4b\" data-language-for-alternatives=\"es\" data-language-to-translate-into=\"en\" data-phrase-index=\"0\" data-number-of-phrases=\"1\"><span class=\"Q4iAWc\"><span class=\"a-list-item\">Esta m\u00e1quina de bronceado en spray proporciona un bronceado suave e incluso sin sol con cada uso. <\/span><\/span><\/span><\/span><\/p>\n<p><span class=\"VIiyi\" lang=\"es\"><span class=\"JLqJ4b\" data-language-for-alternatives=\"es\" data-language-to-translate-into=\"en\" data-phrase-index=\"0\" data-number-of-phrases=\"1\"><span class=\"Q4iAWc\"><span class=\"a-list-item\">El exclusivo orificio de pulverizaci\u00f3n ofrece un acabado fino y suave de la piel y la absorci\u00f3n de la soluci\u00f3n profundamente en la piel. <\/span><\/span><\/span><\/span><span class=\"VIiyi\" lang=\"es\"><span class=\"JLqJ4b\" data-language-for-alternatives=\"es\" data-language-to-translate-into=\"en\" data-phrase-index=\"0\" data-number-of-phrases=\"1\"><span class=\"Q4iAWc\">El control de flujo de aire es ajustable de 0-100% <\/span><\/span><\/span><\/p>\n<p><span class=\"VIiyi\" lang=\"es\"><span class=\"JLqJ4b\" data-language-for-alternatives=\"es\" data-language-to-translate-into=\"en\" data-phrase-index=\"0\" data-number-of-phrases=\"1\"><span class=\"Q4iAWc\">La m\u00e1quina tiene una construcci\u00f3n duradera y un filtro de espuma para evitar da\u00f1os internos Aguja de lat\u00f3n ultrafina Compresi\u00f3n silenciosa<\/span><\/span><\/span><\/p>\n<p><span class=\"VIiyi\" lang=\"es\"><span class=\"JLqJ4b\" data-language-for-alternatives=\"es\" data-language-to-translate-into=\"en\" data-phrase-index=\"0\" data-number-of-phrases=\"1\"><span class=\"Q4iAWc\"><span class=\"a-list-item\">Ideal para uso dom\u00e9stico<br \/>\n<\/span><\/span><\/span><\/span><\/p>\n<p><span class=\"VIiyi\" lang=\"es\"><span class=\"JLqJ4b\" data-language-for-alternatives=\"es\" data-language-to-translate-into=\"en\" data-phrase-index=\"0\" data-number-of-phrases=\"1\"><span class=\"Q4iAWc\"><span class=\"a-list-item\">F\u00e1cil de limpiar.<\/span><\/span><\/span><\/span><\/p>\n<hr \/>\n<p>Recuerda que todas las <strong>devoluciones son gratuitas<\/strong>, haz tu pedido y si hay cualquier problema <strong>te devolvemos el dinero y mandaremos a alguien a que vaya a recoger el paquete.<\/strong><br \/>\n\u00a1100% Garantizado!<\/p>\n<p><strong>\u00bfTienes dudas?<\/strong><br \/>\nCons\u00faltalas todas desde nuestra p\u00e1gina de preguntas frecuentes haciendo click <a href=\"https:\/\/emprowear.com\/preguntas-frecuentes\">aqu\u00ed<\/a>. O bien cons\u00faltanos directamente a nuestro tel\u00e9fono de contacto haciendo click en el icono de WhatsApp.<\/p>\n<p>&nbsp;<\/p>\n<p>&nbsp;<\/p>\n","protected":false},"excerpt":{"rendered":"<p>Ya puedes tener tu propia m\u00e1quina de bronceado en casa y evita el sufrimiento de largas horas al sol para lucir un bronceado perfecto.<\/p>\n<p>M\u00e1quina utilizada en el tanning de los Campeonatos Olympia y European junto con el tinte Top Tan celebrados en Alicante<\/p>\n","protected":false},"featured_media":14582,"template":"","meta":[],"product_brand":[],"product_cat":[243,56,78],"product_tag":[169,166,173,168,171,167,163,170,164,165,172],"class_list":{"0":"post-14570","1":"product","2":"type-product","3":"status-publish","4":"has-post-thumbnail","6":"product_cat-accesorios-para-bronceado","7":"product_cat-accessories","8":"product_cat-especial-competicion","9":"product_tag-autobronceador","10":"product_tag-bronceado","11":"product_tag-competicion","12":"product_tag-morenito","13":"product_tag-pintura","14":"product_tag-sol","15":"product_tag-tanning","16":"product_tag-tinte","17":"product_tag-top-tan","18":"product_tag-toptan","19":"product_tag-verano","21":"first","22":"instock","23":"taxable","24":"shipping-taxable","25":"purchasable","26":"product-type-simple"},"_links":{"self":[{"href":"https:\/\/emprowear.com\/es_es\/wp-json\/wp\/v2\/product\/14570","targetHints":{"allow":["GET"]}}],"collection":[{"href":"https:\/\/emprowear.com\/es_es\/wp-json\/wp\/v2\/product"}],"about":[{"href":"https:\/\/emprowear.com\/es_es\/wp-json\/wp\/v2\/types\/product"}],"wp:featuredmedia":[{"embeddable":true,"href":"https:\/\/emprowear.com\/es_es\/wp-json\/wp\/v2\/media\/14582"}],"wp:attachment":[{"href":"https:\/\/emprowear.com\/es_es\/wp-json\/wp\/v2\/media?parent=14570"}],"wp:term":[{"taxonomy":"product_brand","embeddable":true,"href":"https:\/\/emprowear.com\/es_es\/wp-json\/wp\/v2\/product_brand?post=14570"},{"taxonomy":"product_cat","embeddable":true,"href":"https:\/\/emprowear.com\/es_es\/wp-json\/wp\/v2\/product_cat?post=14570"},{"taxonomy":"product_tag","embeddable":true,"href":"https:\/\/emprowear.com\/es_es\/wp-json\/wp\/v2\/product_tag?post=14570"}],"curies":[{"name":"wp","href":"https:\/\/api.w.org\/{rel}","templated":true}]}}

<p><span class="VIiyi" lang="es"><span class="JLqJ4b" data-language-for-alternatives="es" data-language-to-translate-into="en" data-phrase-index="0" data-number-of-phrases="1"><span class="Q4iAWc">Kit de bronceado en aerosol Rox Tan StudioPro <span class="a-list-item">está diseñado para darte un bronceado de calidad de salón cuando quieras y dentro de la comodidad de tu propia casa. </span></span></span></span></p>
<p><span class="VIiyi" lang="es"><span class="JLqJ4b" data-language-for-alternatives="es" data-language-to-translate-into="en" data-phrase-index="0" data-number-of-phrases="1"><span class="Q4iAWc"><span class="a-list-item">Esta máquina de bronceado en spray proporciona un bronceado suave e incluso sin sol con cada uso. </span></span></span></span></p>
<p><span class="VIiyi" lang="es"><span class="JLqJ4b" data-language-for-alternatives="es" data-language-to-translate-into="en" data-phrase-index="0" data-number-of-phrases="1"><span class="Q4iAWc"><span class="a-list-item">El exclusivo orificio de pulverización ofrece un acabado fino y suave de la piel y la absorción de la solución profundamente en la piel. </span></span></span></span><span class="VIiyi" lang="es"><span class="JLqJ4b" data-language-for-alternatives="es" data-language-to-translate-into="en" data-phrase-index="0" data-number-of-phrases="1"><span class="Q4iAWc">El control de flujo de aire es ajustable de 0-100% </span></span></span></p>
<p><span class="VIiyi" lang="es"><span class="JLqJ4b" data-language-for-alternatives="es" data-language-to-translate-into="en" data-phrase-index="0" data-number-of-phrases="1"><span class="Q4iAWc">La máquina tiene una construcción duradera y un filtro de espuma para evitar daños internos Aguja de latón ultrafina Compresión silenciosa</span></span></span></p>
<p><span class="VIiyi" lang="es"><span class="JLqJ4b" data-language-for-alternatives="es" data-language-to-translate-into="en" data-phrase-index="0" data-number-of-phrases="1"><span class="Q4iAWc"><span class="a-list-item">Ideal para uso doméstico<br />
</span></span></span></span></p>
<p><span class="VIiyi" lang="es"><span class="JLqJ4b" data-language-for-alternatives="es" data-language-to-translate-into="en" data-phrase-index="0" data-number-of-phrases="1"><span class="Q4iAWc"><span class="a-list-item">Fácil de limpiar.</span></span></span></span></p>
<hr />
<p>Recuerda que todas las <strong>devoluciones son gratuitas</strong>, haz tu pedido y si hay cualquier problema <strong>te devolvemos el dinero y mandaremos a alguien a que vaya a recoger el paquete.</strong><br />
¡100% Garantizado!</p>
<p><strong>¿Tienes dudas?</strong><br />
Consúltalas todas desde nuestra página de preguntas frecuentes haciendo click <a href="https://emprowear.com/preguntas-frecuentes">aquí</a>. O bien consúltanos directamente a nuestro teléfono de contacto haciendo click en el icono de WhatsApp.</p>
<p>&nbsp;</p>
<p>&nbsp;</p>

<p>Ya puedes tener tu propia máquina de bronceado en casa y evita el sufrimiento de largas horas al sol para lucir un bronceado perfecto.</p>
<p>Máquina utilizada en el tanning de los Campeonatos Olympia y European junto con el tinte Top Tan celebrados en Alicante</p>
